{"id":2652,"date":"2019-05-13T03:20:56","date_gmt":"2019-05-13T01:20:56","guid":{"rendered":"http:\/\/krupinskicranes.com\/?page_id=2652"},"modified":"2019-05-13T03:20:56","modified_gmt":"2019-05-13T01:20:56","slug":"uslugi","status":"publish","type":"page","link":"https:\/\/krupinskicranestest.dfirma.pl\/index.php\/uslugi\/","title":{"rendered":"Us\u0142ugi"},"content":{"rendered":"\t\t<div data-elementor-type=\"wp-post\" data-elementor-id=\"2652\" class=\"elementor elementor-2652\">\n\t\t\t\t\t\t\t\t\t<section class=\"elementor-section elementor-top-section elementor-element elementor-element-7e3b0eb elementor-section-boxed elementor-section-height-default elementor-section-height-default\" data-id=\"7e3b0eb\" data-element_type=\"section\">\n\t\t\t\t\t\t<div class=\"elementor-container elementor-column-gap-default\">\n\t\t\t\t\t<div class=\"elementor-column elementor-col-100 elementor-top-column elementor-element elementor-element-8cc2852\" data-id=\"8cc2852\" data-element_type=\"column\">\n\t\t\t<div class=\"elementor-widget-wrap elementor-element-populated\">\n\t\t\t\t\t\t\t\t<div class=\"elementor-element elementor-element-ee4b1ea elementor-widget elementor-widget-spacer\" data-id=\"ee4b1ea\" data-element_type=\"widget\" data-widget_type=\"spacer.default\">\n\t\t\t\t<div class=\"elementor-widget-container\">\n\t\t\t<style>\/*! elementor - v3.8.1 - 13-11-2022 *\/\n.elementor-column .elementor-spacer-inner{height:var(--spacer-size)}.e-con{--container-widget-width:100%}.e-con-inner>.elementor-widget-spacer,.e-con>.elementor-widget-spacer{width:var(--container-widget-width,var(--spacer-size));-ms-flex-item-align:stretch;align-self:stretch;-ms-flex-negative:0;flex-shrink:0}.e-con-inner>.elementor-widget-spacer>.elementor-widget-container,.e-con-inner>.elementor-widget-spacer>.elementor-widget-container>.elementor-spacer,.e-con>.elementor-widget-spacer>.elementor-widget-container,.e-con>.elementor-widget-spacer>.elementor-widget-container>.elementor-spacer{height:100%}.e-con-inner>.elementor-widget-spacer>.elementor-widget-container>.elementor-spacer>.elementor-spacer-inner,.e-con>.elementor-widget-spacer>.elementor-widget-container>.elementor-spacer>.elementor-spacer-inner{height:var(--container-widget-height,var(--spacer-size))}<\/style>\t\t<div class=\"elementor-spacer\">\n\t\t\t<div class=\"elementor-spacer-inner\"><\/div>\n\t\t<\/div>\n\t\t\t\t<\/div>\n\t\t\t\t<\/div>\n\t\t\t\t<div class=\"elementor-element elementor-element-5bf5f38 fontc elementor-widget elementor-widget-heading\" data-id=\"5bf5f38\" data-element_type=\"widget\" data-widget_type=\"heading.default\">\n\t\t\t\t<div class=\"elementor-widget-container\">\n\t\t\t<style>\/*! elementor - v3.8.1 - 13-11-2022 *\/\n.elementor-heading-title{padding:0;margin:0;line-height:1}.elementor-widget-heading .elementor-heading-title[class*=elementor-size-]>a{color:inherit;font-size:inherit;line-height:inherit}.elementor-widget-heading .elementor-heading-title.elementor-size-small{font-size:15px}.elementor-widget-heading .elementor-heading-title.elementor-size-medium{font-size:19px}.elementor-widget-heading .elementor-heading-title.elementor-size-large{font-size:29px}.elementor-widget-heading .elementor-heading-title.elementor-size-xl{font-size:39px}.elementor-widget-heading .elementor-heading-title.elementor-size-xxl{font-size:59px}<\/style><h2 class=\"elementor-heading-title elementor-size-default\">Firma Krupinski Cranes oferuje<\/h2>\t\t<\/div>\n\t\t\t\t<\/div>\n\t\t\t\t<div class=\"elementor-element elementor-element-8de2b61 fontc elementor-widget elementor-widget-heading\" data-id=\"8de2b61\" data-element_type=\"widget\" data-widget_type=\"heading.default\">\n\t\t\t\t<div class=\"elementor-widget-container\">\n\t\t\t<h5 class=\"elementor-heading-title elementor-size-default\">SERWIS\n\n<\/h5>\t\t<\/div>\n\t\t\t\t<\/div>\n\t\t\t\t<div class=\"elementor-element elementor-element-69c9024 fontc elementor-widget elementor-widget-text-editor\" data-id=\"69c9024\" data-element_type=\"widget\" data-widget_type=\"text-editor.default\">\n\t\t\t\t<div class=\"elementor-widget-container\">\n\t\t\t<style>\/*! elementor - v3.8.1 - 13-11-2022 *\/\n.elementor-widget-text-editor.elementor-drop-cap-view-stacked .elementor-drop-cap{background-color:#818a91;color:#fff}.elementor-widget-text-editor.elementor-drop-cap-view-framed .elementor-drop-cap{color:#818a91;border:3px solid;background-color:transparent}.elementor-widget-text-editor:not(.elementor-drop-cap-view-default) .elementor-drop-cap{margin-top:8px}.elementor-widget-text-editor:not(.elementor-drop-cap-view-default) .elementor-drop-cap-letter{width:1em;height:1em}.elementor-widget-text-editor .elementor-drop-cap{float:left;text-align:center;line-height:1;font-size:50px}.elementor-widget-text-editor .elementor-drop-cap-letter{display:inline-block}<\/style>\t\t\t\t<p>Krupinski Cranes oferuje obs\u0142ug\u0119 klienta przedsprzeda\u017cow\u0105 i posprzeda\u017cow\u0105.<\/p><p align=\"justify\">Pomo\u017cemy skompletowa\u0107 \u017curaw do najbardziej wymagaj\u0105cych zada\u0144, zapewniamy dost\u0119p do cz\u0119\u015bci zamiennych, doradzamy klientowi nie tylko przy zakupie, ale te\u017c przy monta\u017cu oraz p\u00f3\u017aniejszych problemach technicznych. Ka\u017cdy \u017curaw w standardzie posiada dwuletni\u0105 gwarancj\u0119, kt\u00f3ra zapewnia wsparcie, serwisowanie oraz obs\u0142ug\u0119 posprzeda\u017cow\u0105.<\/p>\t\t\t\t\t\t<\/div>\n\t\t\t\t<\/div>\n\t\t\t\t<div class=\"elementor-element elementor-element-9f17c69 fontc elementor-widget elementor-widget-heading\" data-id=\"9f17c69\" data-element_type=\"widget\" data-widget_type=\"heading.default\">\n\t\t\t\t<div class=\"elementor-widget-container\">\n\t\t\t<h5 class=\"elementor-heading-title elementor-size-default\">SYSTEM \"KR ONLINE\u00ae \" i \"KR ONLINE SERWIS\u00ae \"\n\n<\/h5>\t\t<\/div>\n\t\t\t\t<\/div>\n\t\t\t\t<div class=\"elementor-element elementor-element-e1803e5 elementor-widget elementor-widget-text-editor\" data-id=\"e1803e5\" data-element_type=\"widget\" data-widget_type=\"text-editor.default\">\n\t\t\t\t<div class=\"elementor-widget-container\">\n\t\t\t\t\t\t\t<p><span class=\"s1\">Ka\u017cdy nasz \u017curaw opcjonalnie mo\u017ce by\u0107 wyposa\u017cony w system zdalnego serwisu, kt\u00f3ry pozwoli na zdiagnozowanie problem\u00f3w, podanie \u017ar\u00f3d\u0142a usterek oraz wskaz\u00f3wek pozwalaj\u0105cych na ich eliminacj\u0119. System pozwala r\u00f3wnie\u017c na uaktualnienie oprogramowania \u017curawia oraz sprawdzenie historii jego pracy. Przez pierwszy rok pracy od zakupu \u017curawia sprawdzimy wszystko za naszych klient\u00f3w. Zanim wy\u015blesz serwis \u2013 zadzwo\u0144 do nas.<\/span><\/p>\t\t\t\t\t\t<\/div>\n\t\t\t\t<\/div>\n\t\t\t\t<div class=\"elementor-element elementor-element-3dd770e elementor-widget elementor-widget-heading\" data-id=\"3dd770e\" data-element_type=\"widget\" data-widget_type=\"heading.default\">\n\t\t\t\t<div class=\"elementor-widget-container\">\n\t\t\t<h5 class=\"elementor-heading-title elementor-size-default\">DZIA\u0141 PROJEKTOWANIA<\/h5>\t\t<\/div>\n\t\t\t\t<\/div>\n\t\t\t\t<div class=\"elementor-element elementor-element-41809a6 elementor-widget elementor-widget-text-editor\" data-id=\"41809a6\" data-element_type=\"widget\" data-widget_type=\"text-editor.default\">\n\t\t\t\t<div class=\"elementor-widget-container\">\n\t\t\t\t\t\t\t<p class=\"p1\"><span class=\"s1\">Znajdziemy dla Ciebie najbardziej optymalne rozwi\u0105zanie w zakresie posadowienia, kotwienia lub adaptacji standardowych rozwi\u0105za\u0144 do potrzeb nietypowej inwestycji. Obliczymy resurs lub wykonamy opini\u0119 techniczn\u0105.<\/span><\/p>\t\t\t\t\t\t<\/div>\n\t\t\t\t<\/div>\n\t\t\t\t<div class=\"elementor-element elementor-element-c711ecd elementor-widget elementor-widget-heading\" data-id=\"c711ecd\" data-element_type=\"widget\" data-widget_type=\"heading.default\">\n\t\t\t\t<div class=\"elementor-widget-container\">\n\t\t\t<h5 class=\"elementor-heading-title elementor-size-default\">Monta\u017c \u017curawi, naprawy i przegl\u0105dy specjalne<\/h5>\t\t<\/div>\n\t\t\t\t<\/div>\n\t\t\t\t<div class=\"elementor-element elementor-element-e3ee8bf elementor-widget elementor-widget-text-editor\" data-id=\"e3ee8bf\" data-element_type=\"widget\" data-widget_type=\"text-editor.default\">\n\t\t\t\t<div class=\"elementor-widget-container\">\n\t\t\t\t\t\t\t<p class=\"p1\">Oferujemy kompleksowe us\u0142ugi monta\u017cowe, napraw i przegl\u0105d\u00f3w \u2013 przy zakupie \u017curawia zg\u0142o\u015b potrzeb\u0119 monta\u017cu, a zmontujemy \u017curaw za Ciebie. W przypadku napraw, usterek czy nietypowych jak i standardowych przegl\u0105d\u00f3w zadzwo\u0144 do nas \u2013 nasz dzia\u0142 serwisowy wykona wszystko za Ciebie.<\/p>\t\t\t\t\t\t<\/div>\n\t\t\t\t<\/div>\n\t\t\t\t<div class=\"elementor-element elementor-element-67c97af elementor-widget elementor-widget-heading\" data-id=\"67c97af\" data-element_type=\"widget\" data-widget_type=\"heading.default\">\n\t\t\t\t<div class=\"elementor-widget-container\">\n\t\t\t<h5 class=\"elementor-heading-title elementor-size-default\">Resurs<\/h5>\t\t<\/div>\n\t\t\t\t<\/div>\n\t\t\t\t<div class=\"elementor-element elementor-element-7867cf5 elementor-widget elementor-widget-text-editor\" data-id=\"7867cf5\" data-element_type=\"widget\" data-widget_type=\"text-editor.default\">\n\t\t\t\t<div class=\"elementor-widget-container\">\n\t\t\t\t\t\t\t<p class=\"p1\">Nasze \u017curawie wyposa\u017cone s\u0105 w system, kt\u00f3ry sam liczy resurs maszyny. Resurs jest liczony zgodnie z nowymi przepisami, zatem klient nie musi sam kontrolowa\u0107 przepracowanych godzin \u017curawia.<\/p>\t\t\t\t\t\t<\/div>\n\t\t\t\t<\/div>\n\t\t\t\t<div class=\"elementor-element elementor-element-56ee9a0 elementor-widget elementor-widget-spacer\" data-id=\"56ee9a0\" data-element_type=\"widget\" data-widget_type=\"spacer.default\">\n\t\t\t\t<div class=\"elementor-widget-container\">\n\t\t\t\t\t<div class=\"elementor-spacer\">\n\t\t\t<div class=\"elementor-spacer-inner\"><\/div>\n\t\t<\/div>\n\t\t\t\t<\/div>\n\t\t\t\t<\/div>\n\t\t\t\t\t<\/div>\n\t\t<\/div>\n\t\t\t\t\t\t\t<\/div>\n\t\t<\/section>\n\t\t\t\t<section class=\"elementor-section elementor-top-section elementor-element elementor-element-b544102 elementor-section-boxed elementor-section-height-default elementor-section-height-default\" data-id=\"b544102\" data-element_type=\"section\">\n\t\t\t\t\t\t<div class=\"elementor-container elementor-column-gap-default\">\n\t\t\t\t\t<div class=\"elementor-column elementor-col-50 elementor-top-column elementor-element elementor-element-4fe36a1\" data-id=\"4fe36a1\" data-element_type=\"column\">\n\t\t\t<div class=\"elementor-widget-wrap elementor-element-populated\">\n\t\t\t\t\t\t\t\t<div class=\"elementor-element elementor-element-9b813e0 elementor-widget elementor-widget-image\" data-id=\"9b813e0\" data-element_type=\"widget\" data-widget_type=\"image.default\">\n\t\t\t\t<div class=\"elementor-widget-container\">\n\t\t\t<style>\/*! elementor - v3.8.1 - 13-11-2022 *\/\n.elementor-widget-image{text-align:center}.elementor-widget-image a{display:inline-block}.elementor-widget-image a img[src$=\".svg\"]{width:48px}.elementor-widget-image img{vertical-align:middle;display:inline-block}<\/style>\t\t\t\t\t\t\t\t\t\t\t\t<img decoding=\"async\" src=\"http:\/\/krupinskicranes.com\/wp-content\/uploads\/2021\/01\/IMG_8688.jpg\" title=\"\" alt=\"\" \/>\t\t\t\t\t\t\t\t\t\t\t\t\t\t\t<\/div>\n\t\t\t\t<\/div>\n\t\t\t\t\t<\/div>\n\t\t<\/div>\n\t\t\t\t<div class=\"elementor-column elementor-col-50 elementor-top-column elementor-element elementor-element-e9bb259\" data-id=\"e9bb259\" data-element_type=\"column\">\n\t\t\t<div class=\"elementor-widget-wrap elementor-element-populated\">\n\t\t\t\t\t\t\t\t<div class=\"elementor-element elementor-element-fe4df29 elementor-widget elementor-widget-image\" data-id=\"fe4df29\" data-element_type=\"widget\" data-widget_type=\"image.default\">\n\t\t\t\t<div class=\"elementor-widget-container\">\n\t\t\t\t\t\t\t\t\t\t\t\t\t\t\t<img decoding=\"async\" src=\"http:\/\/krupinskicranes.com\/wp-content\/uploads\/2021\/01\/IMG_8690.jpg\" title=\"\" alt=\"\" \/>\t\t\t\t\t\t\t\t\t\t\t\t\t\t\t<\/div>\n\t\t\t\t<\/div>\n\t\t\t\t\t<\/div>\n\t\t<\/div>\n\t\t\t\t\t\t\t<\/div>\n\t\t<\/section>\n\t\t\t\t\t\t\t<\/div>\n\t\t","protected":false},"excerpt":{"rendered":"<p>Firma Krupinski Cranes oferuje SERWIS Krupinski Cranes oferuje obs\u0142ug\u0119 klienta przedsprzeda\u017cow\u0105 i posprzeda\u017cow\u0105. Pomo\u017cemy skompletowa\u0107 \u017curaw do najbardziej wymagaj\u0105cych zada\u0144, zapewniamy dost\u0119p do cz\u0119\u015bci zamiennych, doradzamy klientowi nie tylko przy zakupie, ale te\u017c przy monta\u017cu oraz p\u00f3\u017aniejszych problemach technicznych. Ka\u017cdy \u017curaw w standardzie posiada dwuletni\u0105 gwarancj\u0119, kt\u00f3ra zapewnia wsparcie, serwisowanie&hellip;<\/p>\n","protected":false},"author":1,"featured_media":0,"parent":0,"menu_order":0,"comment_status":"closed","ping_status":"closed","template":"","meta":{"footnotes":""},"class_list":["post-2652","page","type-page","status-publish","hentry"],"_links":{"self":[{"href":"https:\/\/krupinskicranestest.dfirma.pl\/index.php\/wp-json\/wp\/v2\/pages\/2652","targetHints":{"allow":["GET"]}}],"collection":[{"href":"https:\/\/krupinskicranestest.dfirma.pl\/index.php\/wp-json\/wp\/v2\/pages"}],"about":[{"href":"https:\/\/krupinskicranestest.dfirma.pl\/index.php\/wp-json\/wp\/v2\/types\/page"}],"author":[{"embeddable":true,"href":"https:\/\/krupinskicranestest.dfirma.pl\/index.php\/wp-json\/wp\/v2\/users\/1"}],"replies":[{"embeddable":true,"href":"https:\/\/krupinskicranestest.dfirma.pl\/index.php\/wp-json\/wp\/v2\/comments?post=2652"}],"version-history":[{"count":0,"href":"https:\/\/krupinskicranestest.dfirma.pl\/index.php\/wp-json\/wp\/v2\/pages\/2652\/revisions"}],"wp:attachment":[{"href":"https:\/\/krupinskicranestest.dfirma.pl\/index.php\/wp-json\/wp\/v2\/media?parent=2652"}],"curies":[{"name":"wp","href":"https:\/\/api.w.org\/{rel}","templated":true}]}}